ermine a(-18).
-9
Let z(c) = 1892344*c + 15138746. Give z(-8).
-6
Let i(x) = -x**3 - x**2 + 44*x + 122. Determine i(-5).
2
Let r(k) = -15*k**2 + 2089*k - 69190. Calculate r(85).
0
Let c(u) = 244*u**3 + 4*u**2 + 92*u + 89. Give c(-1).
-243
Let l(i) = -i**3 - 187*i**2 + 12727*i + 1715. Give l(-240).
35
Let n(j) = 87*j**3 + 5*j**2 + 203*j - 208. What is n(1)?
87
Let p(d) = -d**3 - 10936*d**2 + 43777*d - 72. Give p(4).
-4
Let f(q) = -3*q**3 - 173*q**2 + 32*q - 1527. Give f(-58).
-19
Let a(q) = -2*q**3 + 44*q**2 + 49*q - 73. What is a(23)?
-4
Let i(b) = -b**3 - 87*b**2 - 1290*b - 6. What is i(-19)?
-44
Let t(o) = -708284*o + 7082826. Determine t(10).
-14
Let h(m) = -m**2 - 98*m + 106. What is h(-109)?
-1093
Let b(s) = -19*s**2 - 481*s - 72. Calculate b(-27).
-936
Let g(c) = -5*c**2 + 4635*c - 60447. Give g(13).
-1037
Let y(n) = 4*n**2 - 807*n + 4672. Calculate y(6).
-26
Let t(c) = -15755*c + 94557. Calculate t(6).
27
Let r(x) = x**3 + 16*x**2 - 183*x - 2432. Calculate r(-10).
-2
Let y(k) = -3286*k - 2760239. Determine y(-840).
1
Let i(a) = 580671*a + 10452090. Calculate i(-18).
12
Let n(m) = m**3 - 220*m**2 + 1450*m + 281. Calculate n(7).
-6
Let r(w) = w**2 + 5699959*w - 45599731. Calculate r(8).
5
Let g(a) = -14*a**2 + 6548*a - 19509. Calculate g(3).
9
Let k(i) = 3*i**3 - 83*i**2 + 149*i - 619. What is k(26)?
-125
Let f(t) = t**3 + 25*t**2 - 14*t - 311. Calculate f(-23).
1069
Let z(m) = 658*m + 23026. What is z(-35)?
-4
Let p(t) = -15*t**2 - 9875*t - 13152. What is p(-657)?
-12
Let w(f) = -16*f**3 + 1068*f**2 + 298*f - 2013. Calculate w(67).
-3
Let z(d) = -21*d**2 - 763*d - 5369. Calculate z(-7).
-1057
Let y(v) = -251113*v - 4520038. Give y(-18).
-4
Let a(r) = 45*r**2 - 1468*r + 881. Determine a(32).
-15
Let m(w) = -w**3 - 5*w**2 + 4697*w + 32952. Give m(-7).
171
Let k(c) = 64*c**2 - 2132*c + 719. What is k(33)?
59
Let x(w) = -911*w - 54768. Give x(-60).
-108
Let b(q) = q**3 - 38*q**2 - 23*q + 4682. What is b(36)?
1262
Let a(c) = -83105*c - 15291325. What is a(-184)?
-5
Let n(g) = g**3 + 95*g**2 + 11*g + 864. Determine n(-95).
-181
Let u(r) = -2421*r + 142835. Determine u(59).
-4
Let b(j) = -5663*j + 4116982. Calculate b(727).
-19
Let x(n) = -415*n**2 + 1521*n - 3013. Give x(2).
-1631
Let d(y) = 690*y - 60684. What is d(88)?
36
Let r(k) = 5*k**3 - 5315*k**2 + 10687*k - 155. Calculate r(2).
-1
Let z(b) = 2*b**3 - 2871*b**2 + 910037*b - 1942. What is z(963)?
-16
Let b(c) = -4*c**3 - 93*c - 186. Determine b(-2).
32
Let q(p) = 676*p**2 + 79758*p - 1188. Give q(-118).
-8
Let c(q) = 7411*q + 229667. What is c(-31)?
-74
Let j(b) = -228*b + 3666. Give j(16).
18
Let i(h) = -4*h**2 - 205*h - 2346. Determine i(-37).
-237
Let o(f) = -9924*f + 111274. Calculate o(11).
2110
Let r(v) = 2*v**2 + 110*v + 274. Give r(-59).
746
Let v(y) = -27*y**3 - 62*y**2 + 108*y + 37. Give v(2).
-211
Let f(z) = -z**2 + 13*z + 2176. Calculate f(53).
56
Let r(s) = s**2 - 80*s + 2640. Calculate r(59).
1401
Let v(s) = -49498*s - 11335037. What is v(-229)?
5
Let s(o) = o**3 + 70*o**2 - 324*o - 1994. Determine s(-74).
78
Let q(t) = -6000*t - 467994. Give q(-78).
6
Let x(c) = 4*c**2 + 244*c + 1346. Calculate x(-6).
26
Let v(m) = 331*m - 3424. Determine v(11).
217
Let z(l) = -2*l**3 - 65*l**2 + 107*l + 369. What is z(-33)?
-2073
Let z(v) = v**3 + 193*v**2 + 450*v + 12985. Give z(-191).
-3
Let m(k) = k**3 - 598*k**2 + 3613*k - 12. Calculate m(6).
354
Let u(l) = 654*l - 3692. What is u(7)?
886
Let r(u) = 12*u**2 - 2255*u - 127. Determine r(188).
61
Let l(g) = -g**2 - 84*g + 34631. Give l(-233).
-86
Let q(n) = -78*n**2 - 6098*n - 1098. Determine q(-78).
-6
Let o(t) = t**3 - 49*t**2 + 557*t - 212. Give o(17).
9
Let u(i) = -i**3 + 119*i**2 - 13*i + 828. Give u(119).
-719
Let q(t) = 8721*t - 374995. Give q(43).
8
Let z(m) = -21*m**2 - 453*m - 1760. Calculate z(-5).
-20
Let m(p) = 908*p**2 + 22862*p + 4050. Determine m(-25).
0
Let j(d) = -d**2 + 101*d + 6964. Determine j(-47).
8
Let l(p) = -3*p**2 - 550*p + 580266. Determine l(-541).
-227
Let m(q) = -3*q**2 - 10256*q + 10253. What is m(1)?
-6
Let c(m) = -1087*m - 67342. Give c(-62).
52
Let m(a) = -8521*a + 391973. Give m(46).
7
Let a(r) = -131949*r - 923648. Determine a(-7).
-5
Let b(c) = c**2 - 57*c + 407. Determine b(55).
297
Let m(x) = -30171*x - 362054. Determine m(-12).
-2
Let q(g) = -2*g**3 + 207*g**2 - 539*g + 66855. Calculate q(104).
-17
Let j(s) = -9*s**2 - 46*s - 42. Give j(-12).
-786
Let u(c) = 20218*c + 15143273. Calculate u(-749).
-9
Let v(y) = y**3 + 170*y**2 - 3409*y + 74291. Determine v(-190).
1
Let f(z) = 6737*z - 2681327. What is f(398)?
-1
Let u(a) = -16*a - 506. Calculate u(-24).
-122
Let d(m) = -66475*m - 664750. Determine d(-10).
0
Let u(o) = o**3 - 69*o**2 - 113*o + 7635. What is u(69)?
-162
Let j(c) = -148*c**3 + 3128*c**2 - 426*c + 140. Determine j(21).
14
Let k(s) = -318*s**2 - 158045*s + 453. Determine k(-497).
-44
Let v(t) = -t**3 - 10*t**2 - 528*t - 9. Give v(0).
-9
Let y(l) = 10*l**2 + 641*l - 3898. Give y(6).
308
Let r(v) = -236719*v - 710180. Give r(-3).
-23
Let z(w) = -145751*w + 2040509. Determine z(14).
-5
Let m(c) = -c**3 + 101*c**2 - 335*c + 13204. Determine m(99).
-359
Let w(u) = -702*u + 75720. What is w(108)?
-96
Let g(v) = -2*v**3 - 1289*v**2 - 667*v - 14805. What is g(-644)?
7
Let k(a) = 4197*a - 780649. Determine k(186).
-7
Let w(v) = 32*v**3 + 209*v**2 - 2*v + 99. Determine w(-7).
-622
Let r(g) = -g**2 + 74*g + 1052. What is r(-15)?
-283
Let o(l) = -3*l**2 - 2600*l - 89902. Calculate o(-36).
-190
Let d(t) = 3*t**3 + 117*t**2 + 85*t + 8202. Determine d(-40).
2
Let a(y) = 14*y**3 - 2*y**2 - 3*y + 2. Calculate a(3).
353
Let o(u) = 10*u**3 - 31*u**2 - 35*u + 18. Determine o(4).
22
Let i(x) = -4*x**3 + 34*x**2 - 223*x - 79. Determine i(6).
-1057
Let k(u) = 10*u**2 + 55*u + 62. Determine k(-4).
2
Let g(o) = -7685*o**2 + 90*o + 9. Determine g(0).
9
Let m(p) = -9*p**2 - 10*p + 13231. Calculate m(-39).
-68
Let s(n) = -13*n**2 - 487*n - 298. Give s(-37).
-76
Let z(g) = -773661*g + 1547316. Give z(2).
-6
Let n(g) = 177218*g - 1417721. What is n(8)?
23
Let k(b) = -2361*b - 153873. Give k(-65).
-408
Let q(c) = -13*c**3 - 375*c**2 - 111*c - 4855. What is q(-29)?
46
Let c(l) = -387*l - 12318. What is c(-32)?
66
Let y(u) = u**3 - 81*u**2 + 528*u - 69. Calculate y(7).
1
Let u(k) = 179*k**2 + 5062*k + 1393. Calculate u(-28).
-7
Let k(s) = 106220*s - 955973. Determine k(9).
7
Let v(w) = w**3 - 17*w**2 - 102*w + 751. What is v(20)?
-89
Let g(h) = -5942*h - 106941. Give g(-18).
15
Let w(u) = -73*u**2 - 13895*u + 55557. What is w(4)?
-1191
Let g(r) = -8*r**2 - 40*r + 191. Give g(-20).
-2209
Let w(z) = -2*z**3 - 174*z**2 - 113*z + 5494. Give w(-86).
420
Let b(l) = -l**2 + 346*l - 27561. What is b(158)?
2143
Let i(j) = -3*j**3 - 11*j**2 - 14*j + 142. What is i(5)?
-578
Let k(b) = -2861*b**2 + 57212*b + 159. Give k(20).
-1
Let i(j) = -13*j**2 - 110*j - 543. Determine i(-14).
-1551
Let u(w) = -1572*w + 6293. Calculate u(4).
5
Let i(v) = 12965*v + 1542836. Give i(-119).
1
Let j(v) = -3294*v - 16342. Determine j(-5).
128
Let y(f) = 6853*f - 5654. Calculate y(1).
1199
Let r(h) = -96*h**2 + 1119*h + 3593. What is r(-3)?
-628
Let c(x) = -584*x**2 - 1697*x + 3. Give c(-3).
-162
Let y(z) = 8*z**2 + 14*z + 61. Give y(-7).
355
Let g(i) = -19637*i + 3240093. Determine g(165).
-12
Let g(h) = h**2 - 167*h + 5153. What is g(125)?
-97
Let z(k) = -6*k**2 + 368*k - 184. What is z(60)?
296
Let d(z) = -4*z**3 - 34*z**2 + 737*z + 6023. Calculate d(-8).
-1
Let f(y) = 16*y - 562. What is f(25)?
-162
Let d(b) = -16*b**3 + 69*b**2 - 276*b - 16. Give d(4).
-1040
Let q(a) = a**3 - 432*a**2 + 12440*a - 83. What is q(31)?
196
Let s(t) = -t**3 - 74*t**2 - 434*t + 6211. Calculate s(-66).
7
Let c(r) = 75537*r - 9895346. Determine c(131).
1
Let x(z) = -39*z + 9729. Calculate x(249).
18
Let t(i) = -3*i**3 + 85*i**2 - 541*i + 173. Give t(19).
2
Let m(f) = 3*f**2 - 1503*f + 86132. Determine m(435).
2
Let b(y) = 35*y**3 - 107*y**2 - 24*y + 27. Give b(3).
-63
Let l(d) = 12*d**2 - 2854*d - 31297. Calculate l(-11).
1549
Let a(q) = -1535*q + 991779. Determine a(646).
169
Let o(l) = -l**3 + 25*l**2 - 3365*l + 6643. What is o(2)?
5
Let o(d) = 1562*d - 38716. Determine o(25).
334
Let p(l) = -4*l**3 + 190*l**2 + 4609. Calculate p(48).
1
Let y(q) = -480*q - 8014. C